
{"id":18426,"date":"2023-05-23T16:22:10","date_gmt":"2023-05-23T16:22:10","guid":{"rendered":"https:\/\/ifpbm.org\/scientific-associates\/prof-domenico-girelli\/"},"modified":"2023-05-23T16:22:10","modified_gmt":"2023-05-23T16:22:10","slug":"prof-domenico-girelli","status":"publish","type":"associates","link":"https:\/\/ifpbm.org\/pt-pt\/scientific-associates\/prof-domenico-girelli\/","title":{"rendered":"Prof. Domenico Girelli"},"template":"","class_list":["post-18426","associates","type-associates","status-publish","has-post-thumbnail","hentry"],"acf":{"profile_picture":17785,"position":"","institution":"<a href=\"https:\/\/www.univr.it\/\">University of Verona<\/a>, Department of Medicine","city":"Verona","region":"Australasia","country":"Australia","specialty":"Medicina Interna","academic_affiliations":"<ul>\n \t<li>Centro de Refer\u00eancia da Regi\u00e3o do Veneto para Dist\u00farbios do Metabolismo do Ferro, Azienda Ospedaliera Universitaria Integrata Verona<\/li>\n \t<li>Centro de Excel\u00eancia da EuroBloodNet (Rede Europeia de Refer\u00eancia para as Doen\u00e7as Hematol\u00f3gicas Raras)<\/li>\n<\/ul>","brief_resume":"<ul>\n \t<li>2016 at\u00e9 ao presente: Coordenadora da Equipa Multidisciplinar AOUI-VR sobre Doen\u00e7as Hematol\u00f3gicas Raras, parceira oficial da Rede Europeia de Refer\u00eancia (ERN) \"EuroBloodNet\" nomeada pela Comiss\u00e3o Europeia.<\/li>\n \t<li>2016 at\u00e9 ao presente: Membro do Conselho Consultivo da Funda\u00e7\u00e3o Cariverona.<\/li>\n \t<li>2015 at\u00e9 \u00e0 atualidade: Centro de Refer\u00eancia da Regi\u00e3o do Veneto para o Diagn\u00f3stico e a Terapia dos Dist\u00farbios do Metabolismo do Ferro no Policl\u00ednico G.B. Rossi, Verona.<\/li>\n \t<li>2012 at\u00e9 ao presente: Professor de Medicina Interna, Departamento de Medicina, Universidade de Verona<\/li>\n \t<li>2011 at\u00e9 ao presente: Chefe da Equipa Multidisciplinar de Dist\u00farbios do Ferro da Azienda Ospedaliera Universitaria Integrata Verona (AOUI-VR)<\/li>\n \t<li>2009 at\u00e9 \u00e0 atualidade: Chefe da Unidade de Medicina de Urg\u00eancia, na Unidade de Medicina Interna \"B\", Policlinico G.B. Rossi, Verona.<\/li>\n<\/ul>","publications":""},"_links":{"self":[{"href":"https:\/\/ifpbm.org\/pt-pt\/wp-json\/wp\/v2\/associates\/18426","targetHints":{"allow":["GET"]}}],"collection":[{"href":"https:\/\/ifpbm.org\/pt-pt\/wp-json\/wp\/v2\/associates"}],"about":[{"href":"https:\/\/ifpbm.org\/pt-pt\/wp-json\/wp\/v2\/types\/associates"}],"wp:featuredmedia":[{"embeddable":true,"href":"https:\/\/ifpbm.org\/pt-pt\/wp-json\/wp\/v2\/media\/17785"}],"wp:attachment":[{"href":"https:\/\/ifpbm.org\/pt-pt\/wp-json\/wp\/v2\/media?parent=18426"}],"curies":[{"name":"wp","href":"https:\/\/api.w.org\/{rel}","templated":true}]}}

<ul>
 	<li>Centro de Referência da Região do Veneto para Distúrbios do Metabolismo do Ferro, Azienda Ospedaliera Universitaria Integrata Verona</li>
 	<li>Centro de Excelência da EuroBloodNet (Rede Europeia de Referência para as Doenças Hematológicas Raras)</li>
</ul>

<ul>
 	<li>2016 até ao presente: Coordenadora da Equipa Multidisciplinar AOUI-VR sobre Doenças Hematológicas Raras, parceira oficial da Rede Europeia de Referência (ERN) "EuroBloodNet" nomeada pela Comissão Europeia.</li>
 	<li>2016 até ao presente: Membro do Conselho Consultivo da Fundação Cariverona.</li>
 	<li>2015 até à atualidade: Centro de Referência da Região do Veneto para o Diagnóstico e a Terapia dos Distúrbios do Metabolismo do Ferro no Policlínico G.B. Rossi, Verona.</li>
 	<li>2012 até ao presente: Professor de Medicina Interna, Departamento de Medicina, Universidade de Verona</li>
 	<li>2011 até ao presente: Chefe da Equipa Multidisciplinar de Distúrbios do Ferro da Azienda Ospedaliera Universitaria Integrata Verona (AOUI-VR)</li>
 	<li>2009 até à atualidade: Chefe da Unidade de Medicina de Urgência, na Unidade de Medicina Interna "B", Policlinico G.B. Rossi, Verona.</li>
</ul>
